w + 2*d + 24. Calculate the remainder when w is divided by 14/(-4)*20/(-35).
0
Suppose 6 + 10 = 2*x. Let c(z) = -5 + 1 + 3 + x*z. Calculate the remainder when 44 is divided by c(2).
14
Suppose -2*k + 64 = 2*u, -4*k = -4*u - 3*k + 108. Let s = -493 + 501. What is the remainder when u is divided by s?
4
Let t(y) = -y**2 + y + 15. Let b be 25/(-10)*8/(-5). Suppose -b*a + 58 = -2*a. Calculate the remainder when a is divided by t(0).
14
Let q = 0 + 3. Let o be 78*(q/9 + 1). Suppose -o = -2*m - 2*m. Calculate the remainder when m is divided by 14.
12
Suppose -2*f - 3*r = 19, 5*f + 3*r = -r - 30. Calculate the remainder when 24 - f*6/(-4) is divided by 11.
10
Let c be 5/(30/4)*12. Let d be 2/(-4) - 4/c. Let l = 2 - d. What is the remainder when 7 is divided by l?
1
Suppose 0 = -3*i + 7 + 11. Let d be 176/i + (-4)/(-6). Let j = d + -16. Calculate the remainder when 41 is divided by j.
13
Let j(n) = n**2 - 3*n - 5. Suppose 225 = 5*y - 0*y. Suppose -4*x - 3*g = -y, 2*x - 5*g - 19 = 10. What is the remainder when j(-5) is divided by x?
11
Suppose 0 = 5*j - 3*v - 85, -j = -5*v - 18 - 21. Suppose 0*h = -3*h - 30. What is the remainder when j is divided by 40/(-12)*24/h?
6
Let v(j) = j**3 + 7*j**2 + 4*j. Let o(w) = -w - 2. Let p be o(4). Calculate the remainder when 22 is divided by v(p).
10
Let g be (-36)/(-10) + 21/(-35). Suppose -17 + g = -m. Calculate the remainder when m is divided by 4*(-1 + 2) - -1.
4
Suppose 0 = -0*b - b - 3, -b = -m + 8. Let j = m + -1. What is the remainder when j is divided by 3?
1
Let d(q) = -q - 3. Let m be d(-5). Suppose 4*p - 22 = -2*c, -p + m*c + 7 = c. Calculate the remainder when (-3)/(-6) - 21/(-2) is divided by p.
5
What is the remainder when 131 is divided by (51/4)/(-1 - (-22)/16)?
29
What is the remainder when 47 is divided by 0 - -3 - 84/(-8)*2?
23
Let w(t) = t + 1. Let n = -9 + 14. Suppose 0 = n*b - 11 - 84. What is the remainder when b is divided by w(6)?
5
Suppose 0 = 2*o - 8. Let t(a) = -a**3 + 4*a**2 + 2*a + 4. What is the remainder when t(o) is divided by 5?
2
What is the remainder when (-8)/2*(-2 + -15) is divided by 23?
22
Suppose -19 = 4*c - 71. Calculate the remainder when 62 is divided by c.
10
Let y = 17 - 15. Let q be 6/(-4)*(2 + -4). Let m(c) = c**2 - c - 4. What is the remainder when y is divided by m(q)?
0
Suppose 5*c = -1 + 16. Suppose -2*t + 3 = t, 2*t + 28 = c*f. Calculate the remainder when f is divided by 4.
2
Let w be 1/6 - (-4)/(-24). Suppose w*l = 2*l - 50. Suppose 0*n = 4*n - 36. What is the remainder when l is divided by n?
7
Let n(c) = -c**3 - 5*c**2 - 8*c + 2. Calculate the remainder when n(-3) is divided by 6.
2
Let s(n) = 7*n**2 - 10*n + 19. Let j(m) = -m**2 + m - 1. Let x(g) = 6*j(g) + s(g). Calculate the remainder when 51 is divided by x(5).
15
Suppose -4 = 5*f - 2*s + 5, 5*s = -4*f + 6. Calculate the remainder when 28 is divided by -3 - (f + -10 - 2).
8
Let n(u) = -3*u + 22. Suppose 3*p = -5*d + 131, 0 = 4*d - 5*p + 14 - 104. What is the remainder when d is divided by n(5)?
4
Let d = 54 + -36. Calculate the remainder when d is divided by (0 - 4)*(-5)/4.
3
Let o be (-14)/(-8) - 1/(-4). Let d be o*(-21)/2 - 0. Let c = d + 37. What is the remainder when c is divided by 9?
7
Suppose -8*s + 402 = -2*s. What is the remainder when s is divided by 14?
11
Let z = 38 - 15. Suppose -4 = -2*q + 5*u, -3*u = -2*u. Suppose 24 = d + q*d. Calculate the remainder when z is divided by d.
7
Suppose -77 = -s - 43. Calculate the remainder when s is divided by 7.
6
Calculate the remainder when 45 is divided by ((-4)/14 + (6 - 4))*14.
21
Suppose 0 = -5*t + 61 + 64. Let z = t - 11. Calculate the remainder when 39 is divided by z.
11
Let a = 23 + -13. Let w(d) = -d**3 - 3*d**2 + 9*d + 12. What is the remainder when w(-5) is divided by a?
7
Let w(c) = -4*c - 8. Suppose s + 4 = -3*b - 12, -2*s = b + 17. What is the remainder when w(s) is divided by (-2 + 9)*(-1 - -2)?
6
Suppose 0*d + 21 = 3*d. Let s be 1/(d/3 - 2). Suppose -s*l = -28 - 32. Calculate the remainder when l is divided by 7.
6
Let o be 430/(-55) - 4/22. Let a = 31 + o. Let i(g) = -g**3 - 3*g**2 + 3*g + 4. Calculate the remainder when a is divided by i(-4).
7
Let w(v) = v**3 + 3*v**2 - 13*v - 4. Let n be w(-5). Let m = 29 - n. What is the remainder when 35 is divided by m?
17
Suppose 0 = -6*t + 8*t - 14. What is the remainder when 20 is divided by t?
6
Let o = 3 - -1. Calculate the remainder when 35 is divided by o/(4/18 + 0).
17
Let g = 45 + -32. Suppose -31 = -4*z + g. Let m(b) = 3*b + 5. What is the remainder when m(5) is divided by z?
9
Let b = -497 + 511. Suppose -2*l + l = -39. Calculate the remainder when l is divided by b.
11
Let f(p) = 13*p**2 - 3*p - 3. Let n be f(3). Suppose -n = -5*q - 40. What is the remainder when 36 is divided by q?
10
Let s(a) = -2*a + 6 + 3 - 4. Suppose 6*x - x - 5*v = 180, -4*x + 3*v = -145. Calculate the remainder when x is divided by s(-4).
11
Suppose -5*u - 26 = -4*b + 7, -2*u = -2*b + 14. Let t = 3 + b. What is the remainder when 86/6 + 1/(-3) is divided by t?
4
Suppose -3*s - 16 = -5*s. What is the remainder when 31 is divided by s?
7
Suppose -3 - 1 = -2*a. Suppose -15 = -5*t - 4*b, -4*t + 2*b + 12 = -0. What is the remainder when t is divided by a?
1
Suppose -c - k = -106, 2*k = 2*c - k - 207. Let p = -60 + c. Calculate the remainder when 3455/p + (-4)/(-18) is divided by 20.
17
Let p = 4 - 8. Let u be (10/5)/(1/p). Let v = 17 - u. Calculate the remainder when v is divided by 14.
11
Suppose -5*u + 1 = -4*u. Let y(q) = 5*q**3 - q**2 + q - 1. Let i be y(u). Suppose 3*s + i = 25. What is the remainder when 12 is divided by s?
5
Let s(x) = -14*x**3 + x - 3. What is the remainder when s(-2) is divided by 18?
17
Suppose -4*s + 20 = 4*w, 0*w + 2*s - 6 = -w. Suppose -4*q - 16 = 0, o - w*q + 6*q = -4. Calculate the remainder when o is divided by 2.
0
Let u(w) = -w**3 - 11*w**2 - 4*w - 12. What is the remainder when u(-11) is divided by 12?
8
Let l = 28 - 46. Let r = 30 + l. Let h(t) = -t**3 + 7*t**2 - 3*t + 4. Calculate the remainder when h(6) is divided by r.
10
Let h(n) = -n**2 + 4*n + 7. Let s be h(5). Let x = 7 - 3. Suppose 83 = x*t - 3*d - s, d + 3 = 0. Calculate the remainder when t is divided by 10.
9
Suppose -310 = -5*m + 325. Suppose 3*g + m = -n + 5*n, 3*n = 2*g + 95. What is the remainder when n is divided by 11?
9
Let r(f) = -f**3 + 6*f**2 - f - 7. Suppose -6 - 4 = -2*w. Calculate the remainder when r(w) is divided by 5.
3
Let c = 7 + 17. Suppose 5*k - k - c = 0. Calculate the remainder when k is divided by 4.
2
Suppose 5*q - 15 = -4*z, z + q + q - 3 = 0. What is the remainder when (-286)/(-10) - (-2)/z is divided by (15/(-12))/(1/(-12))?
14
Suppose 5*x - 15 = -2*k, -2*k + k + 5 = 0. Calculate the remainder when (-2)/x*(-9)/2 is divided by 5.
4
Suppose 3*p + p = -x - 15, 3*x - 5*p = 6. Suppose -4*n = 5*n - 63. Let o = n + x. What is the remainder when o is divided by 2?
0
Suppose 0 = 5*t - 7 - 48. Calculate the remainder when 41 is divided by t.
8
Let a(h) = -5*h**3 - 5*h**2 + 2*h - 5. Let d(o) = -o**3 - o**2 + 1. Let f(b) = a(b) - 2*d(b). Calculate the remainder when f(-3) is divided by 22.
19
Suppose -16 = -4*f, w - 192 = -3*w - 2*f. What is the remainder when 182 is divided by w?
44
Let d = 6 - 3. Suppose -75 = w - 6*w - 5*b, b + 15 = 2*w. Calculate the remainder when w is divided by d.
1
Let o(f) = f + 2. Let c be o(3). Let g(a) = a**2 + a - 3. Calculate the remainder when 79 is divided by g(c).
25
Let d(g) = g - 3. Let l be d(-5). Calculate the remainder when 25 is divided by 117/6*l/(-12).
12
Let r = -61 + 246. What is the remainder when r is divided by 47?
44
Let z be 4 - (-3)/(1 + 2). Suppose -z = v, 5*a = -0*a + v + 125. Let q(d) = 3*d + 1. What is the remainder when a is divided by q(4)?
11
Suppose -3*k = -3*n - 45, -5*k - 2*n + 0*n = -47. What is the remainder when 30 is divided by k?
8
Let a = -578 - -610. Let q = 19 + -12. What is the remainder when a is divided by q?
4
Let y(g) = 4*g**2 - 2*g + 5. Suppose 7*f + 12 = 4*f. Calculate the remainder when y(f) is divided by 20.
17
Suppose -7*u + 32 = -17. What is the remainder when 27 is divided by u?
6
Suppose 2*w = 5 + 3. Suppose -9 = -p + w. What is the remainder when (-6 + 1)/(1/(-5)) is divided by p?
12
Suppose s + 5 = 8. Calculate the rema